{"id":2350,"date":"2022-11-20T17:50:13","date_gmt":"2022-11-20T16:50:13","guid":{"rendered":"http:\/\/www.vfa-rochlitzer-berg.de\/?page_id=2350"},"modified":"2022-11-20T19:07:09","modified_gmt":"2022-11-20T18:07:09","slug":"vereinsheim-2","status":"publish","type":"page","link":"https:\/\/www.vfa-rochlitzer-berg.de\/?page_id=2350","title":{"rendered":"Vereinsheim"},"content":{"rendered":"<p>Unsere Gesch\u00e4ftsstelle in der Sch\u00fctzenstra\u00dfe 7A.<\/p>\n<p><a href=\"http:\/\/www.vfa-rochlitzer-berg.de\/wp-content\/uploads\/2019\/11\/VfAbild8.jpg\" rel=\"lightbox[2350]\"><img loading=\"lazy\" decoding=\"async\" class=\"alignleft size-thumbnail wp-image-3573\" src=\"http:\/\/www.vfa-rochlitzer-berg.de\/wp-content\/uploads\/2019\/11\/VfAbild8-150x150.jpg\" alt=\"\" width=\"150\" height=\"150\"><\/a> <a href=\"http:\/\/www.vfa-rochlitzer-berg.de\/wp-content\/uploads\/2019\/11\/VfAbild7.jpg\" rel=\"lightbox[2350]\"><img loading=\"lazy\" decoding=\"async\" class=\"alignleft wp-image-3572 size-thumbnail\" src=\"http:\/\/www.vfa-rochlitzer-berg.de\/wp-content\/uploads\/2019\/11\/VfAbild7-150x150.jpg\" alt=\"Terrasse\" width=\"150\" height=\"150\"><\/a> <a href=\"http:\/\/www.vfa-rochlitzer-berg.de\/wp-content\/uploads\/2019\/11\/VfAbild9.jpg\" rel=\"lightbox[2350]\"><img loading=\"lazy\" decoding=\"async\" class=\"alignleft size-thumbnail wp-image-3574\" src=\"http:\/\/www.vfa-rochlitzer-berg.de\/wp-content\/uploads\/2019\/11\/VfAbild9-150x150.jpg\" alt=\"\" width=\"150\" height=\"150\"><\/a><a href=\"http:\/\/www.vfa-rochlitzer-berg.de\/wp-content\/uploads\/2019\/11\/VfAbild-1.jpg\" rel=\"lightbox[2350]\"><img loading=\"lazy\" decoding=\"async\" class=\"alignleft wp-image-3580 size-thumbnail\" src=\"http:\/\/www.vfa-rochlitzer-berg.de\/wp-content\/uploads\/2019\/11\/VfAbild-1-150x150.jpg\" alt=\"Clubraum\" width=\"150\" height=\"150\"><\/a><\/p>\n<p><a href=\"http:\/\/www.vfa-rochlitzer-berg.de\/wp-content\/uploads\/2019\/11\/VfAbild5.jpg\" rel=\"lightbox[2350]\"><img loading=\"lazy\" decoding=\"async\" class=\"alignleft size-thumbnail wp-image-3578\" src=\"http:\/\/www.vfa-rochlitzer-berg.de\/wp-content\/uploads\/2019\/11\/VfAbild5-150x150.jpg\" alt=\"\" width=\"150\" height=\"150\"><\/a> <a href=\"http:\/\/www.vfa-rochlitzer-berg.de\/wp-content\/uploads\/2019\/11\/VfAbild4.jpg\" rel=\"lightbox[2350]\"><img loading=\"lazy\" decoding=\"async\" class=\"alignleft size-thumbnail wp-image-3577\" src=\"http:\/\/www.vfa-rochlitzer-berg.de\/wp-content\/uploads\/2019\/11\/VfAbild4-150x150.jpg\" alt=\"\" width=\"150\" height=\"150\"><\/a> <a href=\"http:\/\/www.vfa-rochlitzer-berg.de\/wp-content\/uploads\/2019\/11\/VfAbild3.jpg\" rel=\"lightbox[2350]\"><img loading=\"lazy\" decoding=\"async\" class=\"alignleft size-thumbnail wp-image-3576\" src=\"http:\/\/www.vfa-rochlitzer-berg.de\/wp-content\/uploads\/2019\/11\/VfAbild3-150x150.jpg\" alt=\"\" width=\"150\" height=\"150\"><\/a> <a href=\"http:\/\/www.vfa-rochlitzer-berg.de\/wp-content\/uploads\/2019\/11\/VfAbild6.jpg\" rel=\"lightbox[2350]\"><img loading=\"lazy\" decoding=\"async\" class=\"alignleft size-thumbnail wp-image-3571\" src=\"http:\/\/www.vfa-rochlitzer-berg.de\/wp-content\/uploads\/2019\/11\/VfAbild6-150x150.jpg\" alt=\"\" width=\"150\" height=\"150\"><\/a><\/p>\n<p>&nbsp;<\/p>\n<p>&nbsp;<\/p>\n<p>&nbsp;<\/p>\n<p>&nbsp;<\/p>\n<p>&nbsp;<\/p>\n<p>&nbsp;<\/p>\n<p>&nbsp;<\/p>\n<p>&nbsp;<\/p>\n<p>Bei Bedarf kann man auch grillen und im Fr\u00fchjahr die Terrasse nutzen.<\/p>\n<p><strong>Kontakt: <\/strong><\/p>\n<p><strong>Telefon:<\/strong> 03737 \u2013 42430&nbsp;&nbsp;&nbsp;&nbsp;&nbsp;&nbsp;&nbsp;&nbsp;&nbsp;&nbsp;&nbsp;&nbsp;&nbsp;&nbsp;&nbsp;&nbsp;&nbsp;&nbsp;&nbsp;&nbsp;&nbsp;&nbsp;&nbsp;&nbsp;&nbsp;&nbsp;&nbsp; <strong>E-Mail:<\/strong> vfa-rochlitz(at)online.de<\/p>\n<p><strong>Beitrittserkl\u00e4rung<\/strong>: zum Formular &#8211;<a href=\"http:\/\/www.vfa-rochlitzer-berg.de\/wp-content\/uploads\/2022\/11\/Beitrittserklaerung-neu23.pdf\">Beitrittserkl\u00e4rung<\/a><\/p>\n","protected":false},"excerpt":{"rendered":"<p>Unsere Gesch\u00e4ftsstelle in der Sch\u00fctzenstra\u00dfe 7A. &nbsp; &nbsp; &nbsp; &nbsp; &nbsp; &nbsp; &nbsp; &nbsp; Bei Bedarf kann man auch grillen und im Fr\u00fchjahr die Terrasse nutzen. Kontakt: Telefon: 03737 \u2013 42430&nbsp;&nbsp;&nbsp;&nbsp;&nbsp;&nbsp;&nbsp;&nbsp;&nbsp;&nbsp;&nbsp;&nbsp;&nbsp;&nbsp;&nbsp;&nbsp;&nbsp;&nbsp;&nbsp;&nbsp;&nbsp;&nbsp;&nbsp;&nbsp;&nbsp;&nbsp;&nbsp; E-Mail: vfa-rochlitz(at)online.de Beitrittserkl\u00e4rung: zum Formular &#8211;Beitrittserkl\u00e4rung<\/p>\n","protected":false},"author":2,"featured_media":3569,"parent":0,"menu_order":0,"comment_status":"closed","ping_status":"closed","template":"","meta":{"ngg_post_thumbnail":0,"footnotes":""},"class_list":["post-2350","page","type-page","status-publish","has-post-thumbnail","hentry","nodate","item-wrap"],"_links":{"self":[{"href":"https:\/\/www.vfa-rochlitzer-berg.de\/index.php?rest_route=\/wp\/v2\/pages\/2350","targetHints":{"allow":["GET"]}}],"collection":[{"href":"https:\/\/www.vfa-rochlitzer-berg.de\/index.php?rest_route=\/wp\/v2\/pages"}],"about":[{"href":"https:\/\/www.vfa-rochlitzer-berg.de\/index.php?rest_route=\/wp\/v2\/types\/page"}],"author":[{"embeddable":true,"href":"https:\/\/www.vfa-rochlitzer-berg.de\/index.php?rest_route=\/wp\/v2\/users\/2"}],"replies":[{"embeddable":true,"href":"https:\/\/www.vfa-rochlitzer-berg.de\/index.php?rest_route=%2Fwp%2Fv2%2Fcomments&post=2350"}],"version-history":[{"count":10,"href":"https:\/\/www.vfa-rochlitzer-berg.de\/index.php?rest_route=\/wp\/v2\/pages\/2350\/revisions"}],"predecessor-version":[{"id":4178,"href":"https:\/\/www.vfa-rochlitzer-berg.de\/index.php?rest_route=\/wp\/v2\/pages\/2350\/revisions\/4178"}],"wp:featuredmedia":[{"embeddable":true,"href":"https:\/\/www.vfa-rochlitzer-berg.de\/index.php?rest_route=\/wp\/v2\/media\/3569"}],"wp:attachment":[{"href":"https:\/\/www.vfa-rochlitzer-berg.de\/index.php?rest_route=%2Fwp%2Fv2%2Fmedia&parent=2350"}],"curies":[{"name":"wp","href":"https:\/\/api.w.org\/{rel}","templated":true}]}}