{"id":2293,"date":"2023-03-01T00:01:15","date_gmt":"2023-02-28T23:01:15","guid":{"rendered":"http:\/\/www.vfa-rochlitzer-berg.de\/?page_id=2293"},"modified":"2024-02-29T23:13:45","modified_gmt":"2024-02-29T22:13:45","slug":"anmeldung-feriencamp-2016","status":"publish","type":"page","link":"https:\/\/www.vfa-rochlitzer-berg.de\/?page_id=2293","title":{"rendered":"Feriencamp 2024"},"content":{"rendered":"<p><strong><span style=\"font-size: 14pt; color: #339966;\">Anmeldung f\u00fcr das Rochlitzer Feriencamp 2024<\/span><\/strong><\/p>\n<p>Folgend k\u00f6nnen Sie den Durchgang w\u00e4hlen, f\u00fcr den Sie <strong>Ihr Kind<\/strong> anmelden m\u00f6chten.<br \/>\n(Freischaltung der Anmeldeformulare erfolgt ab 1. M\u00e4rz 2024 0:00 Uhr)<\/p>\n<p>Einfach auf die gew\u00fcnschte Woche klicken und schon \u00f6ffnet sich das Anmeldeformular!<br \/>\n<strong>Nach erfolgreicher Anmeldung erhalten Sie eine Mail mit weiteren Informationen<\/strong>. Sollten Sie keine Mail erhalten, <strong>pr\u00fcfen Sie bitte Ihren Spam-Ordner! <\/strong><\/p>\n<p>Sollte sich in Bezug auf das Feriencamp 2024 irgend etwas \u00e4ndern, werden Sie von uns unter der genannten Mail-Adresse informiert. Eine telefonische Anmeldung ist aus organisatorischen Gr\u00fcnden leider nicht mehr m\u00f6glich. Bitte sehen Sie von Anrufen ab und wenden sich bei Fragen oder Problemen an folgende E-Mailadresse: <a href=\"mailto:feriencamp.rochlitz@googlemail.com\">feriencamp.rochlitz(at)googlemail.com<\/a>.<\/p>\n<p>Die Teilnehmergeb\u00fchr pro Kind betr\u00e4gt in diesem Jahr\u00a0<span style=\"color: #339966;\"><strong>165 \u20ac pro Kind<\/strong>.<\/span><\/p>\n<ul>\n<li style=\"list-style-type: none;\">\n<ul>\n<li style=\"list-style-type: none;\">\n<ul>\n<li><span style=\"color: #333333;\"><a href=\"https:\/\/feriencamp-rochlitz.de\/1-woche\/\"><strong>1. W<\/strong><strong>oche: <\/strong><\/a>24.06. &#8211; 29.06.2024 (7 bis 13 Jahre)\u00a0\u00a0 \u00a0 \u00a0 \u00a0 \u00a0 \u00a0 \u00a0 \u00a0 \u00a0<strong><br \/>\n<\/strong><\/span><\/li>\n<li><span style=\"color: #333333;\"><a href=\"https:\/\/feriencamp-rochlitz.de\/2-woche\/\"><strong>2. Woche:<\/strong> <\/a>30.06. &#8211; 05.07.2024 <strong>(12 bis 15 Jahre !!)<\/strong> \u00a0<\/span><strong><span style=\"color: #ff0000;\">ge\u00e4nderte An- und Abreise!!!!<\/span><\/strong><span style=\"color: #000000;\"><strong><br \/>\n<\/strong><\/span><\/li>\n<li><span style=\"color: #000000;\"><a href=\"https:\/\/feriencamp-rochlitz.de\/3-woche\/\"><strong>3. Woche:<\/strong><\/a> 08.07. &#8211; 13.07.2024 (7 bis 13 Jahre)\u00a0 \u00a0 \u00a0 \u00a0 \u00a0 \u00a0 \u00a0 \u00a0 \u00a0 \u00a0<span style=\"color: #ff0000;\">\u00a0\u00a0<\/span> \u00a0 \u00a0 <span style=\"color: #00ff00;\">\u00a0<span style=\"color: #339966;\">\u00a0<\/span><\/span><strong><br \/>\n<\/strong><\/span><\/li>\n<li><span style=\"color: #000000;\"><a href=\"https:\/\/feriencamp-rochlitz.de\/4-woche\/\"><strong>4. Woche: <\/strong><\/a>15.07. &#8211; 20.07.2024 (7 bis 13 Jahre)\u00a0 \u00a0 \u00a0 \u00a0 \u00a0 \u00a0 \u00a0 \u00a0 \u00a0 \u00a0<\/span><span style=\"color: #000000;\"><strong><br \/>\n<\/strong><\/span><\/li>\n<li><span style=\"color: #000000;\"><a href=\"https:\/\/feriencamp-rochlitz.de\/5-woche\/\"><strong>5. Woche:<\/strong> <\/a>22.07. &#8211; 27.07.2024 (7 bis 13 Jahre)\u00a0 \u00a0 \u00a0 \u00a0 \u00a0 \u00a0 \u00a0 \u00a0 \u00a0 \u00a0<\/span><span style=\"color: #000000;\"><strong><br \/>\n<\/strong><\/span><\/li>\n<\/ul>\n<\/li>\n<\/ul>\n<\/li>\n<\/ul>\n<p><span style=\"color: #ffffff;\"> * Anmeldefrist abgelaufen, bei Interesse bitte per Mail kontaktieren!<\/span><br \/>\nAuch 2024 werden wir unser Camp im Gel\u00e4nde in Biesern durchf\u00fchren.<br \/>\nWeitere Informationen zum Feriencamp 2024 k\u00f6nnen Sie aus dem Flyer entnehmen. Diesen finden Sie <a href=\"http:\/\/www.vfa-rochlitzer-berg.de\/wp-content\/uploads\/2022\/02\/FC-Flyer_neu.pdf\">hier&#8230;<\/a><\/p>\n<p>F\u00fcr bereits ausgebuchte Durchg\u00e4nge k\u00f6nnen Sie sich via Mail bei uns melden und werden dann auf eine Warteliste gesetzt. Sobald ein Platz frei wird, werden Sie von uns kontaktiert!<\/p>\n<p>Feriencampleitung: T. Jandt<\/p>\n<p>Kontakt: <a href=\"mailto:feriencamp.rochlitz@googlemail.com\" target=\"_blank\" rel=\"noopener\">per E-Mail<\/a> oder <a href=\"https:\/\/www.instagram.com\/feriencamp.rochlitz\" target=\"_blank\" rel=\"noopener\">per Instagram<\/a> oder <a href=\"http:\/\/www.facebook.com\/feriencamp.rochlitz\" target=\"_blank\" rel=\"noopener\">per Facebook\u00a0\u00a0<\/a><\/p>\n","protected":false},"excerpt":{"rendered":"<p>Anmeldung f\u00fcr das Rochlitzer Feriencamp 2024 Folgend k\u00f6nnen Sie den Durchgang w\u00e4hlen, f\u00fcr den Sie Ihr Kind anmelden m\u00f6chten. (Freischaltung der Anmeldeformulare erfolgt ab 1. M\u00e4rz 2024 0:00 Uhr) Einfach auf die gew\u00fcnschte Woche klicken und schon \u00f6ffnet sich das Anmeldeformular! Nach erfolgreicher Anmeldung erhalten Sie eine Mail mit weiteren Informationen. Sollten Sie keine Mail &hellip; <\/p>\n<p><a class=\"more-link btn\" href=\"https:\/\/www.vfa-rochlitzer-berg.de\/?page_id=2293\">Weiterlesen<\/a><\/p>\n","protected":false},"author":3,"featured_media":0,"parent":0,"menu_order":0,"comment_status":"closed","ping_status":"closed","template":"","meta":{"ngg_post_thumbnail":0,"footnotes":""},"class_list":["post-2293","page","type-page","status-publish","hentry","nodate","item-wrap"],"_links":{"self":[{"href":"https:\/\/www.vfa-rochlitzer-berg.de\/index.php?rest_route=\/wp\/v2\/pages\/2293","targetHints":{"allow":["GET"]}}],"collection":[{"href":"https:\/\/www.vfa-rochlitzer-berg.de\/index.php?rest_route=\/wp\/v2\/pages"}],"about":[{"href":"https:\/\/www.vfa-rochlitzer-berg.de\/index.php?rest_route=\/wp\/v2\/types\/page"}],"author":[{"embeddable":true,"href":"https:\/\/www.vfa-rochlitzer-berg.de\/index.php?rest_route=\/wp\/v2\/users\/3"}],"replies":[{"embeddable":true,"href":"https:\/\/www.vfa-rochlitzer-berg.de\/index.php?rest_route=%2Fwp%2Fv2%2Fcomments&post=2293"}],"version-history":[{"count":209,"href":"https:\/\/www.vfa-rochlitzer-berg.de\/index.php?rest_route=\/wp\/v2\/pages\/2293\/revisions"}],"predecessor-version":[{"id":4485,"href":"https:\/\/www.vfa-rochlitzer-berg.de\/index.php?rest_route=\/wp\/v2\/pages\/2293\/revisions\/4485"}],"wp:attachment":[{"href":"https:\/\/www.vfa-rochlitzer-berg.de\/index.php?rest_route=%2Fwp%2Fv2%2Fmedia&parent=2293"}],"curies":[{"name":"wp","href":"https:\/\/api.w.org\/{rel}","templated":true}]}}