{"id":220,"date":"2019-10-05T13:55:17","date_gmt":"2019-10-05T12:55:17","guid":{"rendered":"http:\/\/www.vfa-rochlitzer-berg.de\/?page_id=220"},"modified":"2022-11-20T19:04:08","modified_gmt":"2022-11-20T18:04:08","slug":"kontakt","status":"publish","type":"page","link":"https:\/\/www.vfa-rochlitzer-berg.de\/?page_id=220","title":{"rendered":"Kontakt"},"content":{"rendered":"<p><strong>VfA &#8222;Rochlitzer Berg&#8220; e.V.<\/strong><br \/>\nSch\u00fctzenstra\u00dfe 7A&nbsp;&nbsp;&nbsp;&nbsp;&nbsp;&nbsp;&nbsp;&nbsp;&nbsp;&nbsp;&nbsp;&nbsp;&nbsp;&nbsp;&nbsp;&nbsp;&nbsp;&nbsp;&nbsp;&nbsp;&nbsp;&nbsp;&nbsp;&nbsp;&nbsp;&nbsp;&nbsp;&nbsp;&nbsp;&nbsp;&nbsp;&nbsp;&nbsp;&nbsp; <strong>Telefon:<\/strong> 03737 &#8211; 42430&nbsp;&nbsp;&nbsp;&nbsp;<br \/>\n09306 Rochlitz&nbsp;&nbsp;&nbsp;&nbsp;&nbsp;&nbsp;&nbsp;&nbsp;&nbsp;&nbsp;&nbsp;&nbsp;&nbsp;&nbsp;&nbsp;&nbsp;&nbsp;&nbsp;&nbsp;&nbsp;&nbsp;&nbsp;&nbsp;&nbsp;&nbsp;&nbsp;&nbsp;&nbsp;&nbsp;&nbsp;&nbsp;&nbsp;&nbsp;&nbsp;&nbsp;&nbsp;&nbsp;&nbsp;&nbsp;&nbsp;&nbsp;&nbsp; <strong>Telefax:<\/strong> 03737 &#8211; 42430<\/p>\n<p><strong>E-Mail:<\/strong> <a href=\"mailto:vfa-rochlitz@online.de\">vfa-rochlitz(at)online.de<\/a><\/p>\n<p><strong>Internet<\/strong>: <a href=\"http:\/\/s294171249.online.de\/undefined\/\">www.vfa-rochlitzer-berg.de<\/a><\/p>\n<p><strong>Beitrittserkl\u00e4rung\/Aufnahmeantrag <\/strong>mit Datenschutzerkl\u00e4rung<strong>&nbsp; &gt;&gt;hier Formular &#8211;<a href=\"http:\/\/www.vfa-rochlitzer-berg.de\/wp-content\/uploads\/2022\/11\/Beitrittserklaerung-neu23.pdf\">Beitrittserkl\u00e4rung<\/a><\/strong><\/p>\n<p>ausdrucken, ausf\u00fcllen, unterschreiben und ab zur Gesch\u00e4ftsstelle<\/p>\n<p>&nbsp;<\/p>\n<hr>\n","protected":false},"excerpt":{"rendered":"<p>VfA &#8222;Rochlitzer Berg&#8220; e.V. Sch\u00fctzenstra\u00dfe 7A&nbsp;&nbsp;&nbsp;&nbsp;&nbsp;&nbsp;&nbsp;&nbsp;&nbsp;&nbsp;&nbsp;&nbsp;&nbsp;&nbsp;&nbsp;&nbsp;&nbsp;&nbsp;&nbsp;&nbsp;&nbsp;&nbsp;&nbsp;&nbsp;&nbsp;&nbsp;&nbsp;&nbsp;&nbsp;&nbsp;&nbsp;&nbsp;&nbsp;&nbsp; Telefon: 03737 &#8211; 42430&nbsp;&nbsp;&nbsp;&nbsp; 09306 Rochlitz&nbsp;&nbsp;&nbsp;&nbsp;&nbsp;&nbsp;&nbsp;&nbsp;&nbsp;&nbsp;&nbsp;&nbsp;&nbsp;&nbsp;&nbsp;&nbsp;&nbsp;&nbsp;&nbsp;&nbsp;&nbsp;&nbsp;&nbsp;&nbsp;&nbsp;&nbsp;&nbsp;&nbsp;&nbsp;&nbsp;&nbsp;&nbsp;&nbsp;&nbsp;&nbsp;&nbsp;&nbsp;&nbsp;&nbsp;&nbsp;&nbsp;&nbsp; Telefax: 03737 &#8211; 42430 E-Mail: vfa-rochlitz(at)online.de Internet: www.vfa-rochlitzer-berg.de Beitrittserkl\u00e4rung\/Aufnahmeantrag mit Datenschutzerkl\u00e4rung&nbsp; &gt;&gt;hier Formular &#8211;Beitrittserkl\u00e4rung ausdrucken, ausf\u00fcllen, unterschreiben und ab zur Gesch\u00e4ftsstelle &nbsp;<\/p>\n","protected":false},"author":1,"featured_media":0,"parent":0,"menu_order":0,"comment_status":"closed","ping_status":"open","template":"","meta":{"ngg_post_thumbnail":0,"footnotes":""},"class_list":["post-220","page","type-page","status-publish","hentry","nodate","item-wrap"],"_links":{"self":[{"href":"https:\/\/www.vfa-rochlitzer-berg.de\/index.php?rest_route=\/wp\/v2\/pages\/220","targetHints":{"allow":["GET"]}}],"collection":[{"href":"https:\/\/www.vfa-rochlitzer-berg.de\/index.php?rest_route=\/wp\/v2\/pages"}],"about":[{"href":"https:\/\/www.vfa-rochlitzer-berg.de\/index.php?rest_route=\/wp\/v2\/types\/page"}],"author":[{"embeddable":true,"href":"https:\/\/www.vfa-rochlitzer-berg.de\/index.php?rest_route=\/wp\/v2\/users\/1"}],"replies":[{"embeddable":true,"href":"https:\/\/www.vfa-rochlitzer-berg.de\/index.php?rest_route=%2Fwp%2Fv2%2Fcomments&post=220"}],"version-history":[{"count":13,"href":"https:\/\/www.vfa-rochlitzer-berg.de\/index.php?rest_route=\/wp\/v2\/pages\/220\/revisions"}],"predecessor-version":[{"id":4176,"href":"https:\/\/www.vfa-rochlitzer-berg.de\/index.php?rest_route=\/wp\/v2\/pages\/220\/revisions\/4176"}],"wp:attachment":[{"href":"https:\/\/www.vfa-rochlitzer-berg.de\/index.php?rest_route=%2Fwp%2Fv2%2Fmedia&parent=220"}],"curies":[{"name":"wp","href":"https:\/\/api.w.org\/{rel}","templated":true}]}}